{"id":260,"date":"2024-07-26T08:56:31","date_gmt":"2024-07-26T08:56:31","guid":{"rendered":"https:\/\/vivamedica.de\/?page_id=260"},"modified":"2025-06-12T19:19:08","modified_gmt":"2025-06-12T19:19:08","slug":"uber-uns","status":"publish","type":"page","link":"https:\/\/vivamedica.de\/startseite\/uber-uns\/","title":{"rendered":"\u00dcber uns"},"content":{"rendered":"\t\t<div data-elementor-type=\"wp-page\" data-elementor-id=\"260\" class=\"elementor elementor-260\" data-elementor-post-type=\"page\">\n\t\t\t\t\t\t<section class=\"elementor-section elementor-top-section elementor-element elementor-element-79927d9 elementor-section-full_width elementor-section-height-default elementor-section-height-default\" data-id=\"79927d9\" data-element_type=\"section\" data-e-type=\"section\">\n\t\t\t\t\t\t<div class=\"elementor-container elementor-column-gap-default\">\n\t\t\t\t\t<div class=\"elementor-column elementor-col-100 elementor-top-column elementor-element elementor-element-10da290\" data-id=\"10da290\" data-element_type=\"column\" data-e-type=\"column\">\n\t\t\t<div class=\"elementor-widget-wrap elementor-element-populated\">\n\t\t\t\t\t\t<section class=\"elementor-section elementor-inner-section elementor-element elementor-element-89b3cdd elementor-section-full_width elementor-section-height-default elementor-section-height-default\" data-id=\"89b3cdd\" data-element_type=\"section\" data-e-type=\"section\">\n\t\t\t\t\t\t<div class=\"elementor-container elementor-column-gap-default\">\n\t\t\t\t\t<div class=\"elementor-column elementor-col-50 elementor-inner-column elementor-element elementor-element-f18fa31\" data-id=\"f18fa31\" data-element_type=\"column\" data-e-type=\"column\" data-settings=\"{&quot;background_background&quot;:&quot;classic&quot;}\">\n\t\t\t<div class=\"elementor-widget-wrap elementor-element-populated\">\n\t\t\t\t\t<div class=\"elementor-background-overlay\"><\/div>\n\t\t\t\t\t\t<div class=\"elementor-element elementor-element-436f6c0 elementor-position-top elementor-invisible elementor-widget elementor-widget-image-box\" data-id=\"436f6c0\" data-element_type=\"widget\" data-e-type=\"widget\" data-settings=\"{&quot;_animation&quot;:&quot;fadeIn&quot;}\" data-widget_type=\"image-box.default\">\n\t\t\t\t<div class=\"elementor-widget-container\">\n\t\t\t\t\t<div class=\"elementor-image-box-wrapper\"><figure class=\"elementor-image-box-img\"><img decoding=\"async\" width=\"100\" height=\"101\" src=\"https:\/\/vivamedica.de\/wp-content\/uploads\/2024\/07\/Frame-101.svg\" class=\"attachment-full size-full wp-image-516\" alt=\"\" \/><\/figure><div class=\"elementor-image-box-content\"><h1 class=\"elementor-image-box-title\">\u00dcber uns<\/h1><\/div><\/div>\t\t\t\t<\/div>\n\t\t\t\t<\/div>\n\t\t\t\t<div class=\"elementor-element elementor-element-bf80aaf elementor-widget elementor-widget-image\" data-id=\"bf80aaf\" data-element_type=\"widget\" data-e-type=\"widget\" data-widget_type=\"image.default\">\n\t\t\t\t<div class=\"elementor-widget-container\">\n\t\t\t\t\t\t\t\t\t\t\t\t\t\t\t<img fetchpriority=\"high\" decoding=\"async\" width=\"800\" height=\"288\" src=\"https:\/\/vivamedica.de\/wp-content\/uploads\/2025\/06\/uber-uns.webp\" class=\"attachment-large size-large wp-image-5846\" alt=\"Moderne Physiotherapiepraxis mit Trainingsger\u00e4ten und Therapiehilfsmitteln zur F\u00f6rderung der Rehabilitation und Erholung\" srcset=\"https:\/\/vivamedica.de\/wp-content\/uploads\/2025\/06\/uber-uns.webp 1000w, https:\/\/vivamedica.de\/wp-content\/uploads\/2025\/06\/uber-uns-300x108.webp 300w, https:\/\/vivamedica.de\/wp-content\/uploads\/2025\/06\/uber-uns-768x276.webp 768w\" sizes=\"(max-width: 800px) 100vw, 800px\" \/>\t\t\t\t\t\t\t\t\t\t\t\t\t\t\t<\/div>\n\t\t\t\t<\/div>\n\t\t\t\t\t<\/div>\n\t\t<\/div>\n\t\t\t\t<div class=\"elementor-column elementor-col-50 elementor-inner-column elementor-element elementor-element-705c8f2\" data-id=\"705c8f2\" data-element_type=\"column\" data-e-type=\"column\" data-settings=\"{&quot;background_background&quot;:&quot;classic&quot;}\">\n\t\t\t<div class=\"elementor-widget-wrap elementor-element-populated\">\n\t\t\t\t\t<div class=\"elementor-background-overlay\"><\/div>\n\t\t\t\t\t\t<div class=\"elementor-element elementor-element-b902eeb elementor-widget elementor-widget-qi_addons_for_elementor_animated_text\" data-id=\"b902eeb\" data-element_type=\"widget\" data-e-type=\"widget\" data-widget_type=\"qi_addons_for_elementor_animated_text.default\">\n\t\t\t\t<div class=\"elementor-widget-container\">\n\t\t\t\t\t<div class=\"qodef-shortcode qodef-m qodef-qi-animated-text qodef--animated-by-word qodef--alignment-left qodef-qi--has-appear qodef--appear-from-bottom\" >\n\t\t<h2 class=\"qodef-m-title\">\n\t\t<span class=\"qodef-e-word\">Physiotherapie:<\/span> <span class=\"qodef-e-word\">Unser<\/span> <span class=\"qodef-e-word\">Engagement<\/span> <span class=\"qodef-e-word\">f\u00fcr<\/span> <span class=\"qodef-e-word\">Ihre<\/span> <span class=\"qodef-e-word\">Gesundheit<\/span>\t<\/h2>\n<\/div>\n\t\t\t\t<\/div>\n\t\t\t\t<\/div>\n\t\t\t\t\t<\/div>\n\t\t<\/div>\n\t\t\t\t\t<\/div>\n\t\t<\/section>\n\t\t\t\t\t<\/div>\n\t\t<\/div>\n\t\t\t\t\t<\/div>\n\t\t<\/section>\n\t\t\t\t<section class=\"elementor-section elementor-top-section elementor-element elementor-element-52f7bdb elementor-section-full_width elementor-section-height-default elementor-section-height-default\" data-id=\"52f7bdb\" data-element_type=\"section\" data-e-type=\"section\">\n\t\t\t\t\t\t\t<div class=\"elementor-background-overlay\"><\/div>\n\t\t\t\t\t\t\t<div class=\"elementor-container elementor-column-gap-default\">\n\t\t\t\t\t<div class=\"elementor-column elementor-col-100 elementor-top-column elementor-element elementor-element-ba28f42\" data-id=\"ba28f42\" data-element_type=\"column\" data-e-type=\"column\">\n\t\t\t<div class=\"elementor-widget-wrap elementor-element-populated\">\n\t\t\t\t\t\t<section class=\"elementor-section elementor-inner-section elementor-element elementor-element-0ea2fd2 elementor-section-full_width elementor-reverse-tablet elementor-reverse-mobile elementor-section-height-default elementor-section-height-default\" data-id=\"0ea2fd2\" data-element_type=\"section\" data-e-type=\"section\" data-settings=\"{&quot;background_background&quot;:&quot;classic&quot;}\">\n\t\t\t\t\t\t\t<div class=\"elementor-background-overlay\"><\/div>\n\t\t\t\t\t\t\t<div class=\"elementor-container elementor-column-gap-default\">\n\t\t\t\t\t<div class=\"elementor-column elementor-col-50 elementor-inner-column elementor-element elementor-element-8453923\" data-id=\"8453923\" data-element_type=\"column\" data-e-type=\"column\">\n\t\t\t<div class=\"elementor-widget-wrap elementor-element-populated\">\n\t\t\t\t\t\t<div class=\"elementor-element elementor-element-45a9df1 elementor-widget elementor-widget-qi_addons_for_elementor_animated_text\" data-id=\"45a9df1\" data-element_type=\"widget\" data-e-type=\"widget\" data-widget_type=\"qi_addons_for_elementor_animated_text.default\">\n\t\t\t\t<div class=\"elementor-widget-container\">\n\t\t\t\t\t<div class=\"qodef-shortcode qodef-m qodef-qi-animated-text qodef--animated-by-word qodef--alignment-left qodef-qi--has-appear qodef--appear-from-bottom\" >\n\t\t<h2 class=\"qodef-m-title\">\n\t\t<span class=\"qodef-e-word\">Lernen<\/span> <span class=\"qodef-e-word\">Sie<\/span> <span class=\"qodef-e-word\">uns<\/span> <span class=\"qodef-e-word\">kennen<\/span>\t<\/h2>\n<\/div>\n\t\t\t\t<\/div>\n\t\t\t\t<\/div>\n\t\t\t\t<div class=\"elementor-element elementor-element-9f703d6 elementor-widget__width-initial elementor-widget elementor-widget-text-editor\" data-id=\"9f703d6\" data-element_type=\"widget\" data-e-type=\"widget\" data-widget_type=\"text-editor.default\">\n\t\t\t\t<div class=\"elementor-widget-container\">\n\t\t\t\t\t\t\t\t\t<div class=\"flex-shrink-0 flex flex-col relative items-end\"><div class=\"pt-0\"><div class=\"gizmo-bot-avatar flex h-8 w-8 items-center justify-center overflow-hidden rounded-full\"><div class=\"relative p-1 rounded-sm flex items-center justify-center bg-token-main-surface-primary text-token-text-primary h-8 w-8\"><p>Willkommen bei VivaMedica, Ihrer erstklassigen Praxis f\u00fcr Physiotherapie, die sich der F\u00f6rderung Ihrer Gesundheit und Ihres Wohlbefindens verschrieben hat. Unser Ziel ist es, Ihnen zu helfen, ein aktives und schmerzfreies Leben zu f\u00fchren. Im Zentrum unserer Arbeit stehen Sie \u2013 mit individuellen Therapiepl\u00e4nen, die genau auf Ihre Bed\u00fcrfnisse abgestimmt sind.<\/p><p>Unser engagiertes Team erfahrener Physiotherapeuten bringt nicht nur umfassendes Fachwissen mit, sondern auch eine Leidenschaft f\u00fcr Ihre Genesung. Jeder Plan wird speziell f\u00fcr Sie entwickelt, um gezielt auf Ihre Beschwerden und Gesundheitsziele einzugehen. Mit modernster Ausstattung und innovativen Behandlungsmethoden gew\u00e4hrleisten wir eine effektive und zielgerichtete Betreuung.<\/p><p>In unserer Praxis legen wir gro\u00dfen Wert auf einen ganzheitlichen Ansatz. Das bedeutet, dass wir nicht nur Symptome lindern, sondern die Ursachen Ihrer Beschwerden identifizieren und behandeln. Unser Spektrum reicht von gezielten \u00dcbungen bis hin zu fortschrittlichen Technologien, um nachhaltige Verbesserungen Ihrer Lebensqualit\u00e4t zu erzielen.<\/p><p>Vertrauen und Fachkompetenz stehen bei uns an erster Stelle. Wir arbeiten eng mit Ihnen zusammen, um Ihre Ziele zu verstehen und Ihre Fortschritte kontinuierlich zu \u00fcberwachen. Durch regelm\u00e4\u00dfige Anpassungen der Therapie stellen wir sicher, dass Sie immer die bestm\u00f6gliche Betreuung erhalten.<\/p><p>Lassen Sie uns gemeinsam daran arbeiten, Ihre Gesundheit zu verbessern. Bei VivaMedica stehen Sie im Mittelpunkt. Vertrauen Sie auf unsere Expertise und beginnen Sie noch heute Ihren Weg zu einem ges\u00fcnderen, aktiveren Leben.<\/p><\/div><\/div><\/div><\/div>\t\t\t\t\t\t\t\t<\/div>\n\t\t\t\t<\/div>\n\t\t\t\t\t<\/div>\n\t\t<\/div>\n\t\t\t\t<div class=\"elementor-column elementor-col-50 elementor-inner-column elementor-element elementor-element-a3c35b3\" data-id=\"a3c35b3\" data-element_type=\"column\" data-e-type=\"column\">\n\t\t\t<div class=\"elementor-widget-wrap elementor-element-populated\">\n\t\t\t\t\t\t<div class=\"elementor-element elementor-element-10c9441 elementor-invisible elementor-widget elementor-widget-image\" data-id=\"10c9441\" data-element_type=\"widget\" data-e-type=\"widget\" data-settings=\"{&quot;_animation&quot;:&quot;zoomIn&quot;,&quot;_animation_delay&quot;:200}\" data-widget_type=\"image.default\">\n\t\t\t\t<div class=\"elementor-widget-container\">\n\t\t\t\t\t\t\t\t\t\t\t\t\t\t\t<img decoding=\"async\" width=\"800\" height=\"964\" src=\"https:\/\/vivamedica.de\/wp-content\/uploads\/2024\/08\/Frame-36.webp\" class=\"attachment-large size-large wp-image-1630\" alt=\"Physiotherapeut f\u00fchrt eine \u00dcbung mit einem Patienten durch, um die Beweglichkeit des Knies zu verbessern\" srcset=\"https:\/\/vivamedica.de\/wp-content\/uploads\/2024\/08\/Frame-36.webp 831w, https:\/\/vivamedica.de\/wp-content\/uploads\/2024\/08\/Frame-36-249x300.webp 249w, https:\/\/vivamedica.de\/wp-content\/uploads\/2024\/08\/Frame-36-768x925.webp 768w\" sizes=\"(max-width: 800px) 100vw, 800px\" \/>\t\t\t\t\t\t\t\t\t\t\t\t\t\t\t<\/div>\n\t\t\t\t<\/div>\n\t\t\t\t\t<\/div>\n\t\t<\/div>\n\t\t\t\t\t<\/div>\n\t\t<\/section>\n\t\t\t\t\t<\/div>\n\t\t<\/div>\n\t\t\t\t\t<\/div>\n\t\t<\/section>\n\t\t\t\t<\/div>\n\t\t","protected":false},"excerpt":{"rendered":"<p>\u00dcber uns Physiotherapie: Unser Engagement f\u00fcr Ihre Gesundheit Lernen Sie uns kennen Willkommen bei VivaMedica, Ihrer erstklassigen Praxis f\u00fcr Physiotherapie, die sich der F\u00f6rderung Ihrer Gesundheit und Ihres Wohlbefindens verschrieben hat. Unser Ziel ist es, Ihnen zu helfen, ein aktives und schmerzfreies Leben zu f\u00fchren. Im Zentrum unserer Arbeit stehen Sie \u2013 mit individuellen Therapiepl\u00e4nen, [&hellip;]<\/p>\n","protected":false},"author":3,"featured_media":2135,"parent":0,"menu_order":0,"comment_status":"closed","ping_status":"closed","template":"","meta":{"inline_featured_image":false,"footnotes":""},"class_list":["post-260","page","type-page","status-publish","has-post-thumbnail","hentry"],"yoast_head":"<!-- This site is optimized with the Yoast SEO plugin v27.2 - https:\/\/yoast.com\/product\/yoast-seo-wordpress\/ -->\n<title>\u00dcber uns - VivaMedica<\/title>\n<meta name=\"description\" content=\"Erleben Sie bei Viva Medica effektive Physiotherapie f\u00fcr schnelle Schmerzlinderung, verbesserte Mobilit\u00e4t und ganzheitliches Wohlbefinden.\" \/>\n<meta name=\"robots\" content=\"index, follow, max-snippet:-1, max-image-preview:large, max-video-preview:-1\" \/>\n<link rel=\"canonical\" href=\"https:\/\/vivamedica.de\/startseite\/uber-uns\/\" \/>\n<meta property=\"og:locale\" content=\"de_DE\" \/>\n<meta property=\"og:type\" content=\"article\" \/>\n<meta property=\"og:title\" content=\"\u00dcber uns - VivaMedica\" \/>\n<meta property=\"og:description\" content=\"Erleben Sie bei Viva Medica effektive Physiotherapie f\u00fcr schnelle Schmerzlinderung, verbesserte Mobilit\u00e4t und ganzheitliches Wohlbefinden.\" \/>\n<meta property=\"og:url\" content=\"https:\/\/vivamedica.de\/startseite\/uber-uns\/\" \/>\n<meta property=\"og:site_name\" content=\"VivaMedica\" \/>\n<meta property=\"article:modified_time\" content=\"2025-06-12T19:19:08+00:00\" \/>\n<meta property=\"og:image\" content=\"https:\/\/vivamedica.de\/wp-content\/uploads\/2024\/08\/Badge.webp\" \/>\n\t<meta property=\"og:image:width\" content=\"1200\" \/>\n\t<meta property=\"og:image:height\" content=\"630\" \/>\n\t<meta property=\"og:image:type\" content=\"image\/webp\" \/>\n<meta name=\"twitter:card\" content=\"summary_large_image\" \/>\n<meta name=\"twitter:label1\" content=\"Gesch\u00e4tzte Lesezeit\" \/>\n\t<meta name=\"twitter:data1\" content=\"2\u00a0Minuten\" \/>\n<script type=\"application\/ld+json\" class=\"yoast-schema-graph\">{\"@context\":\"https:\/\/schema.org\",\"@graph\":[{\"@type\":\"WebPage\",\"@id\":\"https:\/\/vivamedica.de\/startseite\/uber-uns\/\",\"url\":\"https:\/\/vivamedica.de\/startseite\/uber-uns\/\",\"name\":\"\u00dcber uns - VivaMedica\",\"isPartOf\":{\"@id\":\"https:\/\/vivamedica.de\/startseite\/#website\"},\"primaryImageOfPage\":{\"@id\":\"https:\/\/vivamedica.de\/startseite\/uber-uns\/#primaryimage\"},\"image\":{\"@id\":\"https:\/\/vivamedica.de\/startseite\/uber-uns\/#primaryimage\"},\"thumbnailUrl\":\"https:\/\/vivamedica.de\/wp-content\/uploads\/2024\/08\/Badge.webp\",\"datePublished\":\"2024-07-26T08:56:31+00:00\",\"dateModified\":\"2025-06-12T19:19:08+00:00\",\"description\":\"Erleben Sie bei Viva Medica effektive Physiotherapie f\u00fcr schnelle Schmerzlinderung, verbesserte Mobilit\u00e4t und ganzheitliches Wohlbefinden.\",\"breadcrumb\":{\"@id\":\"https:\/\/vivamedica.de\/startseite\/uber-uns\/#breadcrumb\"},\"inLanguage\":\"de\",\"potentialAction\":[{\"@type\":\"ReadAction\",\"target\":[\"https:\/\/vivamedica.de\/startseite\/uber-uns\/\"]}]},{\"@type\":\"ImageObject\",\"inLanguage\":\"de\",\"@id\":\"https:\/\/vivamedica.de\/startseite\/uber-uns\/#primaryimage\",\"url\":\"https:\/\/vivamedica.de\/wp-content\/uploads\/2024\/08\/Badge.webp\",\"contentUrl\":\"https:\/\/vivamedica.de\/wp-content\/uploads\/2024\/08\/Badge.webp\",\"width\":1200,\"height\":630,\"caption\":\"VivaMedica \u2013 Ihre Experten f\u00fcr Physiotherapie und Pr\u00e4vention. Professionelle Betreuung f\u00fcr Gesundheit und Wohlbefinden\"},{\"@type\":\"BreadcrumbList\",\"@id\":\"https:\/\/vivamedica.de\/startseite\/uber-uns\/#breadcrumb\",\"itemListElement\":[{\"@type\":\"ListItem\",\"position\":1,\"name\":\"Startseite\",\"item\":\"https:\/\/vivamedica.de\/startseite\/\"},{\"@type\":\"ListItem\",\"position\":2,\"name\":\"\u00dcber uns\"}]},{\"@type\":\"WebSite\",\"@id\":\"https:\/\/vivamedica.de\/startseite\/#website\",\"url\":\"https:\/\/vivamedica.de\/startseite\/\",\"name\":\"VivaMedica\",\"description\":\"\",\"publisher\":{\"@id\":\"https:\/\/vivamedica.de\/startseite\/#organization\"},\"potentialAction\":[{\"@type\":\"SearchAction\",\"target\":{\"@type\":\"EntryPoint\",\"urlTemplate\":\"https:\/\/vivamedica.de\/startseite\/?s={search_term_string}\"},\"query-input\":{\"@type\":\"PropertyValueSpecification\",\"valueRequired\":true,\"valueName\":\"search_term_string\"}}],\"inLanguage\":\"de\"},{\"@type\":\"Organization\",\"@id\":\"https:\/\/vivamedica.de\/startseite\/#organization\",\"name\":\"VivaMedica\",\"url\":\"https:\/\/vivamedica.de\/startseite\/\",\"logo\":{\"@type\":\"ImageObject\",\"inLanguage\":\"de\",\"@id\":\"https:\/\/vivamedica.de\/startseite\/#\/schema\/logo\/image\/\",\"url\":\"https:\/\/vivamedica.de\/wp-content\/uploads\/2024\/07\/VivaMedica_logo_2.svg\",\"contentUrl\":\"https:\/\/vivamedica.de\/wp-content\/uploads\/2024\/07\/VivaMedica_logo_2.svg\",\"width\":612,\"height\":128,\"caption\":\"VivaMedica\"},\"image\":{\"@id\":\"https:\/\/vivamedica.de\/startseite\/#\/schema\/logo\/image\/\"},\"sameAs\":[\"https:\/\/www.instagram.com\/vivamedica.therapie?igsh=aGN0ZTJkZjI4NXB3\",\"https:\/\/www.linkedin.com\/in\/vivamedica-physiotherapie-81b41b321\/\"]}]}<\/script>\n<!-- \/ Yoast SEO plugin. -->","yoast_head_json":{"title":"\u00dcber uns - VivaMedica","description":"Erleben Sie bei Viva Medica effektive Physiotherapie f\u00fcr schnelle Schmerzlinderung, verbesserte Mobilit\u00e4t und ganzheitliches Wohlbefinden.","robots":{"index":"index","follow":"follow","max-snippet":"max-snippet:-1","max-image-preview":"max-image-preview:large","max-video-preview":"max-video-preview:-1"},"canonical":"https:\/\/vivamedica.de\/startseite\/uber-uns\/","og_locale":"de_DE","og_type":"article","og_title":"\u00dcber uns - VivaMedica","og_description":"Erleben Sie bei Viva Medica effektive Physiotherapie f\u00fcr schnelle Schmerzlinderung, verbesserte Mobilit\u00e4t und ganzheitliches Wohlbefinden.","og_url":"https:\/\/vivamedica.de\/startseite\/uber-uns\/","og_site_name":"VivaMedica","article_modified_time":"2025-06-12T19:19:08+00:00","og_image":[{"width":1200,"height":630,"url":"https:\/\/vivamedica.de\/wp-content\/uploads\/2024\/08\/Badge.webp","type":"image\/webp"}],"twitter_card":"summary_large_image","twitter_misc":{"Gesch\u00e4tzte Lesezeit":"2\u00a0Minuten"},"schema":{"@context":"https:\/\/schema.org","@graph":[{"@type":"WebPage","@id":"https:\/\/vivamedica.de\/startseite\/uber-uns\/","url":"https:\/\/vivamedica.de\/startseite\/uber-uns\/","name":"\u00dcber uns - VivaMedica","isPartOf":{"@id":"https:\/\/vivamedica.de\/startseite\/#website"},"primaryImageOfPage":{"@id":"https:\/\/vivamedica.de\/startseite\/uber-uns\/#primaryimage"},"image":{"@id":"https:\/\/vivamedica.de\/startseite\/uber-uns\/#primaryimage"},"thumbnailUrl":"https:\/\/vivamedica.de\/wp-content\/uploads\/2024\/08\/Badge.webp","datePublished":"2024-07-26T08:56:31+00:00","dateModified":"2025-06-12T19:19:08+00:00","description":"Erleben Sie bei Viva Medica effektive Physiotherapie f\u00fcr schnelle Schmerzlinderung, verbesserte Mobilit\u00e4t und ganzheitliches Wohlbefinden.","breadcrumb":{"@id":"https:\/\/vivamedica.de\/startseite\/uber-uns\/#breadcrumb"},"inLanguage":"de","potentialAction":[{"@type":"ReadAction","target":["https:\/\/vivamedica.de\/startseite\/uber-uns\/"]}]},{"@type":"ImageObject","inLanguage":"de","@id":"https:\/\/vivamedica.de\/startseite\/uber-uns\/#primaryimage","url":"https:\/\/vivamedica.de\/wp-content\/uploads\/2024\/08\/Badge.webp","contentUrl":"https:\/\/vivamedica.de\/wp-content\/uploads\/2024\/08\/Badge.webp","width":1200,"height":630,"caption":"VivaMedica \u2013 Ihre Experten f\u00fcr Physiotherapie und Pr\u00e4vention. Professionelle Betreuung f\u00fcr Gesundheit und Wohlbefinden"},{"@type":"BreadcrumbList","@id":"https:\/\/vivamedica.de\/startseite\/uber-uns\/#breadcrumb","itemListElement":[{"@type":"ListItem","position":1,"name":"Startseite","item":"https:\/\/vivamedica.de\/startseite\/"},{"@type":"ListItem","position":2,"name":"\u00dcber uns"}]},{"@type":"WebSite","@id":"https:\/\/vivamedica.de\/startseite\/#website","url":"https:\/\/vivamedica.de\/startseite\/","name":"VivaMedica","description":"","publisher":{"@id":"https:\/\/vivamedica.de\/startseite\/#organization"},"potentialAction":[{"@type":"SearchAction","target":{"@type":"EntryPoint","urlTemplate":"https:\/\/vivamedica.de\/startseite\/?s={search_term_string}"},"query-input":{"@type":"PropertyValueSpecification","valueRequired":true,"valueName":"search_term_string"}}],"inLanguage":"de"},{"@type":"Organization","@id":"https:\/\/vivamedica.de\/startseite\/#organization","name":"VivaMedica","url":"https:\/\/vivamedica.de\/startseite\/","logo":{"@type":"ImageObject","inLanguage":"de","@id":"https:\/\/vivamedica.de\/startseite\/#\/schema\/logo\/image\/","url":"https:\/\/vivamedica.de\/wp-content\/uploads\/2024\/07\/VivaMedica_logo_2.svg","contentUrl":"https:\/\/vivamedica.de\/wp-content\/uploads\/2024\/07\/VivaMedica_logo_2.svg","width":612,"height":128,"caption":"VivaMedica"},"image":{"@id":"https:\/\/vivamedica.de\/startseite\/#\/schema\/logo\/image\/"},"sameAs":["https:\/\/www.instagram.com\/vivamedica.therapie?igsh=aGN0ZTJkZjI4NXB3","https:\/\/www.linkedin.com\/in\/vivamedica-physiotherapie-81b41b321\/"]}]}},"_links":{"self":[{"href":"https:\/\/vivamedica.de\/startseite\/wp-json\/wp\/v2\/pages\/260","targetHints":{"allow":["GET"]}}],"collection":[{"href":"https:\/\/vivamedica.de\/startseite\/wp-json\/wp\/v2\/pages"}],"about":[{"href":"https:\/\/vivamedica.de\/startseite\/wp-json\/wp\/v2\/types\/page"}],"author":[{"embeddable":true,"href":"https:\/\/vivamedica.de\/startseite\/wp-json\/wp\/v2\/users\/3"}],"replies":[{"embeddable":true,"href":"https:\/\/vivamedica.de\/startseite\/wp-json\/wp\/v2\/comments?post=260"}],"version-history":[{"count":0,"href":"https:\/\/vivamedica.de\/startseite\/wp-json\/wp\/v2\/pages\/260\/revisions"}],"wp:featuredmedia":[{"embeddable":true,"href":"https:\/\/vivamedica.de\/startseite\/wp-json\/wp\/v2\/media\/2135"}],"wp:attachment":[{"href":"https:\/\/vivamedica.de\/startseite\/wp-json\/wp\/v2\/media?parent=260"}],"curies":[{"name":"wp","href":"https:\/\/api.w.org\/{rel}","templated":true}]}}