{"id":5125,"date":"2025-03-04T11:28:28","date_gmt":"2025-03-04T11:28:28","guid":{"rendered":"https:\/\/vivamedica.de\/?page_id=5125"},"modified":"2026-02-11T09:32:05","modified_gmt":"2026-02-11T09:32:05","slug":"manuelle-therapie","status":"publish","type":"page","link":"https:\/\/vivamedica.de\/startseite\/manuelle-therapie\/","title":{"rendered":"Manuelle Therapie"},"content":{"rendered":"\t\t<div data-elementor-type=\"wp-page\" data-elementor-id=\"5125\" class=\"elementor elementor-5125\" data-elementor-post-type=\"page\">\n\t\t\t\t\t\t<section class=\"elementor-section elementor-top-section elementor-element elementor-element-0502e6a elementor-section-boxed elementor-section-height-default elementor-section-height-default\" data-id=\"0502e6a\" data-element_type=\"section\" data-e-type=\"section\">\n\t\t\t\t\t\t<div class=\"elementor-container elementor-column-gap-default\">\n\t\t\t\t\t<div class=\"elementor-column elementor-col-100 elementor-top-column elementor-element elementor-element-0d89403\" data-id=\"0d89403\" data-element_type=\"column\" data-e-type=\"column\">\n\t\t\t<div class=\"elementor-widget-wrap elementor-element-populated\">\n\t\t\t\t\t\t<section class=\"elementor-section elementor-inner-section elementor-element elementor-element-72f6a13 elementor-section-full_width elementor-section-height-default elementor-section-height-default\" data-id=\"72f6a13\" data-element_type=\"section\" data-e-type=\"section\">\n\t\t\t\t\t\t<div class=\"elementor-container elementor-column-gap-default\">\n\t\t\t\t\t<div class=\"elementor-column elementor-col-50 elementor-inner-column elementor-element elementor-element-cc718fc\" data-id=\"cc718fc\" data-element_type=\"column\" data-e-type=\"column\" data-settings=\"{&quot;background_motion_fx_devices&quot;:[&quot;desktop&quot;,&quot;tablet&quot;,&quot;mobile&quot;]}\">\n\t\t\t<div class=\"elementor-widget-wrap elementor-element-populated\">\n\t\t\t\t\t\t<div class=\"elementor-element elementor-element-92fad1f elementor-position-top elementor-invisible elementor-widget elementor-widget-image-box\" data-id=\"92fad1f\" data-element_type=\"widget\" data-e-type=\"widget\" data-settings=\"{&quot;_animation&quot;:&quot;fadeIn&quot;}\" data-widget_type=\"image-box.default\">\n\t\t\t\t<div class=\"elementor-widget-container\">\n\t\t\t\t\t<div class=\"elementor-image-box-wrapper\"><figure class=\"elementor-image-box-img\"><img decoding=\"async\" width=\"100\" height=\"101\" src=\"https:\/\/vivamedica.de\/wp-content\/uploads\/2024\/07\/Frame-101.svg\" class=\"attachment-full size-full wp-image-516\" alt=\"\" \/><\/figure><div class=\"elementor-image-box-content\"><h1 class=\"elementor-image-box-title\">Manuelle Therapie<\/h1><\/div><\/div>\t\t\t\t<\/div>\n\t\t\t\t<\/div>\n\t\t\t\t\t<\/div>\n\t\t<\/div>\n\t\t\t\t<div class=\"elementor-column elementor-col-50 elementor-inner-column elementor-element elementor-element-a60928f\" data-id=\"a60928f\" data-element_type=\"column\" data-e-type=\"column\">\n\t\t\t<div class=\"elementor-widget-wrap elementor-element-populated\">\n\t\t\t\t\t\t<div class=\"elementor-element elementor-element-0635804 elementor-widget elementor-widget-qi_addons_for_elementor_animated_text\" data-id=\"0635804\" data-element_type=\"widget\" data-e-type=\"widget\" data-widget_type=\"qi_addons_for_elementor_animated_text.default\">\n\t\t\t\t<div class=\"elementor-widget-container\">\n\t\t\t\t\t<div class=\"qodef-shortcode qodef-m qodef-qi-animated-text qodef--animated-by-word qodef--alignment-left qodef-qi--has-appear qodef--appear-from-bottom\" >\n\t\t<h2 class=\"qodef-m-title\">\n\t\t<span class=\"qodef-e-word\">Verf\u00fcgbar<\/span> <span class=\"qodef-e-word\">ab<\/span> <span class=\"qodef-e-word\">Dezember<\/span> <span class=\"qodef-e-word\">2027<\/span>\t<\/h2>\n<\/div>\n\t\t\t\t<\/div>\n\t\t\t\t<\/div>\n\t\t\t\t\t<\/div>\n\t\t<\/div>\n\t\t\t\t\t<\/div>\n\t\t<\/section>\n\t\t\t\t<section class=\"elementor-section elementor-inner-section elementor-element elementor-element-e27df4d elementor-section-full_width elementor-reverse-tablet elementor-reverse-mobile elementor-section-height-min-height elementor-section-height-default\" data-id=\"e27df4d\" data-element_type=\"section\" data-e-type=\"section\">\n\t\t\t\t\t\t<div class=\"elementor-container elementor-column-gap-default\">\n\t\t\t\t\t<div class=\"elementor-column elementor-col-50 elementor-inner-column elementor-element elementor-element-dbde8de\" data-id=\"dbde8de\" data-element_type=\"column\" data-e-type=\"column\" data-settings=\"{&quot;background_background&quot;:&quot;classic&quot;}\">\n\t\t\t<div class=\"elementor-widget-wrap elementor-element-populated\">\n\t\t\t\t\t<div class=\"elementor-background-overlay\"><\/div>\n\t\t\t\t\t\t<div class=\"elementor-element elementor-element-a8c4a5e elementor-widget elementor-widget-text-editor\" data-id=\"a8c4a5e\" data-element_type=\"widget\" data-e-type=\"widget\" data-widget_type=\"text-editor.default\">\n\t\t\t\t<div class=\"elementor-widget-container\">\n\t\t\t\t\t\t\t\t\t<p>Sie k\u00f6nnen zur Hauptseite zur\u00fcckkehren<\/p>\t\t\t\t\t\t\t\t<\/div>\n\t\t\t\t<\/div>\n\t\t\t\t<div class=\"elementor-element elementor-element-311e689 elementor-widget__width-initial elementor-widget-mobile__width-initial elementor-widget elementor-widget-qi_addons_for_elementor_button\" data-id=\"311e689\" data-element_type=\"widget\" data-e-type=\"widget\" data-widget_type=\"qi_addons_for_elementor_button.default\">\n\t\t\t\t<div class=\"elementor-widget-container\">\n\t\t\t\t\t<a class=\"qodef-shortcode qodef-m qodef-qi-button qodef-html--link qodef-layout--filled qodef-type--standard qodef-size--large qodef-hover--reveal qodef--reveal-horizontal qodef-icon--right qodef-hover--icon-move-vertical\" href=\"\/\" target=\"_blank\">\n\t<span class=\"qodef-m-text\">Startseite<\/span>\n\t<\/a>\n\t\t\t\t<\/div>\n\t\t\t\t<\/div>\n\t\t\t\t\t<\/div>\n\t\t<\/div>\n\t\t\t\t<div class=\"elementor-column elementor-col-50 elementor-inner-column elementor-element elementor-element-749cbbe\" data-id=\"749cbbe\" data-element_type=\"column\" data-e-type=\"column\" data-settings=\"{&quot;background_background&quot;:&quot;classic&quot;}\">\n\t\t\t<div class=\"elementor-widget-wrap elementor-element-populated\">\n\t\t\t\t\t\t<div class=\"elementor-element elementor-element-c8b33fa elementor-widget elementor-widget-spacer\" data-id=\"c8b33fa\" data-element_type=\"widget\" data-e-type=\"widget\" data-widget_type=\"spacer.default\">\n\t\t\t\t<div class=\"elementor-widget-container\">\n\t\t\t\t\t\t\t<div class=\"elementor-spacer\">\n\t\t\t<div class=\"elementor-spacer-inner\"><\/div>\n\t\t<\/div>\n\t\t\t\t\t\t<\/div>\n\t\t\t\t<\/div>\n\t\t\t\t\t<\/div>\n\t\t<\/div>\n\t\t\t\t\t<\/div>\n\t\t<\/section>\n\t\t\t\t\t<\/div>\n\t\t<\/div>\n\t\t\t\t\t<\/div>\n\t\t<\/section>\n\t\t\t\t<\/div>\n\t\t","protected":false},"excerpt":{"rendered":"<p>Manuelle Therapie Verf\u00fcgbar ab Dezember 2027 Sie k\u00f6nnen zur Hauptseite zur\u00fcckkehren Startseite<\/p>\n","protected":false},"author":3,"featured_media":2135,"parent":0,"menu_order":0,"comment_status":"closed","ping_status":"closed","template":"","meta":{"inline_featured_image":false,"footnotes":""},"class_list":["post-5125","page","type-page","status-publish","has-post-thumbnail","hentry"],"yoast_head":"<!-- This site is optimized with the Yoast SEO plugin v27.2 - https:\/\/yoast.com\/product\/yoast-seo-wordpress\/ -->\n<title>Manuelle Therapie in der Physiotherapie - Kosten und Preise<\/title>\n<meta name=\"description\" content=\"Entdecken Sie die manuelle Therapie bei VivaMedica. Wir bieten professionelle Behandlungen zur Schmerzlinderung und Mobilit\u00e4tsverbesserung.\" \/>\n<meta name=\"robots\" content=\"index, follow, max-snippet:-1, max-image-preview:large, max-video-preview:-1\" \/>\n<link rel=\"canonical\" href=\"https:\/\/vivamedica.de\/startseite\/manuelle-therapie\/\" \/>\n<meta property=\"og:locale\" content=\"de_DE\" \/>\n<meta property=\"og:type\" content=\"article\" \/>\n<meta property=\"og:title\" content=\"Manuelle Therapie in der Physiotherapie - Kosten und Preise\" \/>\n<meta property=\"og:description\" content=\"Entdecken Sie die manuelle Therapie bei VivaMedica. Wir bieten professionelle Behandlungen zur Schmerzlinderung und Mobilit\u00e4tsverbesserung.\" \/>\n<meta property=\"og:url\" content=\"https:\/\/vivamedica.de\/startseite\/manuelle-therapie\/\" \/>\n<meta property=\"og:site_name\" content=\"VivaMedica\" \/>\n<meta property=\"article:modified_time\" content=\"2026-02-11T09:32:05+00:00\" \/>\n<meta property=\"og:image\" content=\"https:\/\/vivamedica.de\/wp-content\/uploads\/2024\/08\/Badge.webp\" \/>\n\t<meta property=\"og:image:width\" content=\"1200\" \/>\n\t<meta property=\"og:image:height\" content=\"630\" \/>\n\t<meta property=\"og:image:type\" content=\"image\/webp\" \/>\n<meta name=\"twitter:card\" content=\"summary_large_image\" \/>\n<meta name=\"twitter:label1\" content=\"Gesch\u00e4tzte Lesezeit\" \/>\n\t<meta name=\"twitter:data1\" content=\"1\u00a0Minute\" \/>\n<script type=\"application\/ld+json\" class=\"yoast-schema-graph\">{\"@context\":\"https:\/\/schema.org\",\"@graph\":[{\"@type\":\"WebPage\",\"@id\":\"https:\/\/vivamedica.de\/startseite\/manuelle-therapie\/\",\"url\":\"https:\/\/vivamedica.de\/startseite\/manuelle-therapie\/\",\"name\":\"Manuelle Therapie in der Physiotherapie - Kosten und Preise\",\"isPartOf\":{\"@id\":\"https:\/\/vivamedica.de\/startseite\/#website\"},\"primaryImageOfPage\":{\"@id\":\"https:\/\/vivamedica.de\/startseite\/manuelle-therapie\/#primaryimage\"},\"image\":{\"@id\":\"https:\/\/vivamedica.de\/startseite\/manuelle-therapie\/#primaryimage\"},\"thumbnailUrl\":\"https:\/\/vivamedica.de\/wp-content\/uploads\/2024\/08\/Badge.webp\",\"datePublished\":\"2025-03-04T11:28:28+00:00\",\"dateModified\":\"2026-02-11T09:32:05+00:00\",\"description\":\"Entdecken Sie die manuelle Therapie bei VivaMedica. Wir bieten professionelle Behandlungen zur Schmerzlinderung und Mobilit\u00e4tsverbesserung.\",\"breadcrumb\":{\"@id\":\"https:\/\/vivamedica.de\/startseite\/manuelle-therapie\/#breadcrumb\"},\"inLanguage\":\"de\",\"potentialAction\":[{\"@type\":\"ReadAction\",\"target\":[\"https:\/\/vivamedica.de\/startseite\/manuelle-therapie\/\"]}]},{\"@type\":\"ImageObject\",\"inLanguage\":\"de\",\"@id\":\"https:\/\/vivamedica.de\/startseite\/manuelle-therapie\/#primaryimage\",\"url\":\"https:\/\/vivamedica.de\/wp-content\/uploads\/2024\/08\/Badge.webp\",\"contentUrl\":\"https:\/\/vivamedica.de\/wp-content\/uploads\/2024\/08\/Badge.webp\",\"width\":1200,\"height\":630,\"caption\":\"VivaMedica \u2013 Ihre Experten f\u00fcr Physiotherapie und Pr\u00e4vention. Professionelle Betreuung f\u00fcr Gesundheit und Wohlbefinden\"},{\"@type\":\"BreadcrumbList\",\"@id\":\"https:\/\/vivamedica.de\/startseite\/manuelle-therapie\/#breadcrumb\",\"itemListElement\":[{\"@type\":\"ListItem\",\"position\":1,\"name\":\"Startseite\",\"item\":\"https:\/\/vivamedica.de\/startseite\/\"},{\"@type\":\"ListItem\",\"position\":2,\"name\":\"Manuelle Therapie\"}]},{\"@type\":\"WebSite\",\"@id\":\"https:\/\/vivamedica.de\/startseite\/#website\",\"url\":\"https:\/\/vivamedica.de\/startseite\/\",\"name\":\"VivaMedica\",\"description\":\"\",\"publisher\":{\"@id\":\"https:\/\/vivamedica.de\/startseite\/#organization\"},\"potentialAction\":[{\"@type\":\"SearchAction\",\"target\":{\"@type\":\"EntryPoint\",\"urlTemplate\":\"https:\/\/vivamedica.de\/startseite\/?s={search_term_string}\"},\"query-input\":{\"@type\":\"PropertyValueSpecification\",\"valueRequired\":true,\"valueName\":\"search_term_string\"}}],\"inLanguage\":\"de\"},{\"@type\":\"Organization\",\"@id\":\"https:\/\/vivamedica.de\/startseite\/#organization\",\"name\":\"VivaMedica\",\"url\":\"https:\/\/vivamedica.de\/startseite\/\",\"logo\":{\"@type\":\"ImageObject\",\"inLanguage\":\"de\",\"@id\":\"https:\/\/vivamedica.de\/startseite\/#\/schema\/logo\/image\/\",\"url\":\"https:\/\/vivamedica.de\/wp-content\/uploads\/2024\/07\/VivaMedica_logo_2.svg\",\"contentUrl\":\"https:\/\/vivamedica.de\/wp-content\/uploads\/2024\/07\/VivaMedica_logo_2.svg\",\"width\":612,\"height\":128,\"caption\":\"VivaMedica\"},\"image\":{\"@id\":\"https:\/\/vivamedica.de\/startseite\/#\/schema\/logo\/image\/\"},\"sameAs\":[\"https:\/\/www.instagram.com\/vivamedica.therapie?igsh=aGN0ZTJkZjI4NXB3\",\"https:\/\/www.linkedin.com\/in\/vivamedica-physiotherapie-81b41b321\/\"]}]}<\/script>\n<!-- \/ Yoast SEO plugin. -->","yoast_head_json":{"title":"Manuelle Therapie in der Physiotherapie - Kosten und Preise","description":"Entdecken Sie die manuelle Therapie bei VivaMedica. Wir bieten professionelle Behandlungen zur Schmerzlinderung und Mobilit\u00e4tsverbesserung.","robots":{"index":"index","follow":"follow","max-snippet":"max-snippet:-1","max-image-preview":"max-image-preview:large","max-video-preview":"max-video-preview:-1"},"canonical":"https:\/\/vivamedica.de\/startseite\/manuelle-therapie\/","og_locale":"de_DE","og_type":"article","og_title":"Manuelle Therapie in der Physiotherapie - Kosten und Preise","og_description":"Entdecken Sie die manuelle Therapie bei VivaMedica. Wir bieten professionelle Behandlungen zur Schmerzlinderung und Mobilit\u00e4tsverbesserung.","og_url":"https:\/\/vivamedica.de\/startseite\/manuelle-therapie\/","og_site_name":"VivaMedica","article_modified_time":"2026-02-11T09:32:05+00:00","og_image":[{"width":1200,"height":630,"url":"https:\/\/vivamedica.de\/wp-content\/uploads\/2024\/08\/Badge.webp","type":"image\/webp"}],"twitter_card":"summary_large_image","twitter_misc":{"Gesch\u00e4tzte Lesezeit":"1\u00a0Minute"},"schema":{"@context":"https:\/\/schema.org","@graph":[{"@type":"WebPage","@id":"https:\/\/vivamedica.de\/startseite\/manuelle-therapie\/","url":"https:\/\/vivamedica.de\/startseite\/manuelle-therapie\/","name":"Manuelle Therapie in der Physiotherapie - Kosten und Preise","isPartOf":{"@id":"https:\/\/vivamedica.de\/startseite\/#website"},"primaryImageOfPage":{"@id":"https:\/\/vivamedica.de\/startseite\/manuelle-therapie\/#primaryimage"},"image":{"@id":"https:\/\/vivamedica.de\/startseite\/manuelle-therapie\/#primaryimage"},"thumbnailUrl":"https:\/\/vivamedica.de\/wp-content\/uploads\/2024\/08\/Badge.webp","datePublished":"2025-03-04T11:28:28+00:00","dateModified":"2026-02-11T09:32:05+00:00","description":"Entdecken Sie die manuelle Therapie bei VivaMedica. Wir bieten professionelle Behandlungen zur Schmerzlinderung und Mobilit\u00e4tsverbesserung.","breadcrumb":{"@id":"https:\/\/vivamedica.de\/startseite\/manuelle-therapie\/#breadcrumb"},"inLanguage":"de","potentialAction":[{"@type":"ReadAction","target":["https:\/\/vivamedica.de\/startseite\/manuelle-therapie\/"]}]},{"@type":"ImageObject","inLanguage":"de","@id":"https:\/\/vivamedica.de\/startseite\/manuelle-therapie\/#primaryimage","url":"https:\/\/vivamedica.de\/wp-content\/uploads\/2024\/08\/Badge.webp","contentUrl":"https:\/\/vivamedica.de\/wp-content\/uploads\/2024\/08\/Badge.webp","width":1200,"height":630,"caption":"VivaMedica \u2013 Ihre Experten f\u00fcr Physiotherapie und Pr\u00e4vention. Professionelle Betreuung f\u00fcr Gesundheit und Wohlbefinden"},{"@type":"BreadcrumbList","@id":"https:\/\/vivamedica.de\/startseite\/manuelle-therapie\/#breadcrumb","itemListElement":[{"@type":"ListItem","position":1,"name":"Startseite","item":"https:\/\/vivamedica.de\/startseite\/"},{"@type":"ListItem","position":2,"name":"Manuelle Therapie"}]},{"@type":"WebSite","@id":"https:\/\/vivamedica.de\/startseite\/#website","url":"https:\/\/vivamedica.de\/startseite\/","name":"VivaMedica","description":"","publisher":{"@id":"https:\/\/vivamedica.de\/startseite\/#organization"},"potentialAction":[{"@type":"SearchAction","target":{"@type":"EntryPoint","urlTemplate":"https:\/\/vivamedica.de\/startseite\/?s={search_term_string}"},"query-input":{"@type":"PropertyValueSpecification","valueRequired":true,"valueName":"search_term_string"}}],"inLanguage":"de"},{"@type":"Organization","@id":"https:\/\/vivamedica.de\/startseite\/#organization","name":"VivaMedica","url":"https:\/\/vivamedica.de\/startseite\/","logo":{"@type":"ImageObject","inLanguage":"de","@id":"https:\/\/vivamedica.de\/startseite\/#\/schema\/logo\/image\/","url":"https:\/\/vivamedica.de\/wp-content\/uploads\/2024\/07\/VivaMedica_logo_2.svg","contentUrl":"https:\/\/vivamedica.de\/wp-content\/uploads\/2024\/07\/VivaMedica_logo_2.svg","width":612,"height":128,"caption":"VivaMedica"},"image":{"@id":"https:\/\/vivamedica.de\/startseite\/#\/schema\/logo\/image\/"},"sameAs":["https:\/\/www.instagram.com\/vivamedica.therapie?igsh=aGN0ZTJkZjI4NXB3","https:\/\/www.linkedin.com\/in\/vivamedica-physiotherapie-81b41b321\/"]}]}},"_links":{"self":[{"href":"https:\/\/vivamedica.de\/startseite\/wp-json\/wp\/v2\/pages\/5125","targetHints":{"allow":["GET"]}}],"collection":[{"href":"https:\/\/vivamedica.de\/startseite\/wp-json\/wp\/v2\/pages"}],"about":[{"href":"https:\/\/vivamedica.de\/startseite\/wp-json\/wp\/v2\/types\/page"}],"author":[{"embeddable":true,"href":"https:\/\/vivamedica.de\/startseite\/wp-json\/wp\/v2\/users\/3"}],"replies":[{"embeddable":true,"href":"https:\/\/vivamedica.de\/startseite\/wp-json\/wp\/v2\/comments?post=5125"}],"version-history":[{"count":3,"href":"https:\/\/vivamedica.de\/startseite\/wp-json\/wp\/v2\/pages\/5125\/revisions"}],"predecessor-version":[{"id":7135,"href":"https:\/\/vivamedica.de\/startseite\/wp-json\/wp\/v2\/pages\/5125\/revisions\/7135"}],"wp:featuredmedia":[{"embeddable":true,"href":"https:\/\/vivamedica.de\/startseite\/wp-json\/wp\/v2\/media\/2135"}],"wp:attachment":[{"href":"https:\/\/vivamedica.de\/startseite\/wp-json\/wp\/v2\/media?parent=5125"}],"curies":[{"name":"wp","href":"https:\/\/api.w.org\/{rel}","templated":true}]}}